{"id":92,"date":"2024-06-18T14:39:28","date_gmt":"2024-06-18T14:39:28","guid":{"rendered":"https:\/\/bbpersonaltraining.nl\/?page_id=92"},"modified":"2024-09-18T12:54:56","modified_gmt":"2024-09-18T12:54:56","slug":"waarom-personal-training","status":"publish","type":"page","link":"https:\/\/bbpersonaltraining.nl\/?page_id=92","title":{"rendered":"Waarom personal training"},"content":{"rendered":"\n<ul class=\"wp-block-list\">\n<li>Een personal trainer maakt een persoonlijk trainingsschema gericht op jouw doelstelling(en).<\/li>\n\n\n\n<li>Personal training is de meest effectieve trainingsvorm doordat je \u00e9\u00e9n op \u00e9\u00e9n begeleiding en individuele aandacht krijgt.<\/li>\n\n\n\n<li>Een personal trainer is niet alleen een trainer maar ook een coach.<\/li>\n\n\n\n<li>Met een personal trainer heb je een stok achter de deur, iemand die je motiveert en inspireert.<\/li>\n\n\n\n<li>Personal training bespaart tijd en geeft een optimaal resultaat.<\/li>\n\n\n\n<li>Personal training is geschikt voor iedereen ongeacht je doelstelling.<\/li>\n\n\n\n<li>Een personal trainer zoekt samen met jou de grens op.<\/li>\n<\/ul>\n\n\n\n<h2 class=\"wp-block-heading\" id=\"een_personal_trainer_maakt_een_persoonlijk_trainingsschema_gericht_op_jouw_doelstelling(en)\">Een personal trainer maakt een persoonlijk trainingsschema gericht op jouw doelstelling(en)<\/h2>\n\n\n\n<p>Personal training is meer dan alleen het individueel trainen. Een personal trainer start met het bespreken van je doelstellingen. Dit kan vari\u00ebren van het<strong>&nbsp;verliezen van gewicht<\/strong>&nbsp;(lichaamsvet), het&nbsp;<strong>verbeteren van je conditie<\/strong>, het&nbsp;<strong>opbouwen van spiermassa<\/strong>&nbsp;tot het vergroten van je kracht en het werken aan een fit en gezond lichaam. Doordat iedereen verschillend is en niet dezelfde doelstellingen nastreeft, maakt een personal trainer een persoonlijk trainingsschema met een gerichte aanpak die bij jou past.<\/p>\n\n\n\n<p>Een goede personal trainer zorgt ervoor dat jouw einddoel wordt opgedeeld in kleinere korte-termijn subdoelen. Op die manier boek je snel resultaat waarbij het behalen van ieder subdoel en stap dichter naar je uiteindelijke doel is. Door subdoelstellingen te formuleren vergroot je jouw motivatie.<\/p>\n\n\n\n<h2 class=\"wp-block-heading\" id=\"personal_training_is_de_meest_effectieve_trainingsvorm_doordat_je_\u00e9\u00e9n_op_\u00e9\u00e9n_begeleiding_en_individuele_aandacht_krijgt\">Personal training is de meest effectieve trainingsvorm doordat je \u00e9\u00e9n op \u00e9\u00e9n begeleiding en individuele aandacht krijgt<\/h2>\n\n\n\n<p>De reden dat personal training zo\u2019n effectieve manier van training is, komt door de persoonlijke, \u00e9\u00e9n op \u00e9\u00e9n manier van trainen. Je hebt altijd 100% persoonlijke aandacht en dit&nbsp;geeft echt een meerwaarde aan je training. Een personal trainer kan je feedback geven waardoor je oefeningen net wat meer effect hebben. Hij of zij kan je \u2018pushen\u2019 door net dat beetje extra te geven.<\/p>\n\n\n\n<p>De interactie met je personal trainer zorgt ervoor dat jullie in zekere zin een band opbouwen. Het is niet zo dat een personal trainer er is om jouw iedere training af te beulen. Het belangrijkste is dat je het leuk vind om te gaan trainen en het vol blijft houden. Hierbij speelt de sociale interactie een cruciale rol.<\/p>\n","protected":false},"excerpt":{"rendered":"<p>Een personal trainer maakt een persoonlijk trainingsschema gericht op jouw doelstelling(en) Personal training is meer dan alleen het individueel trainen. Een personal trainer start met het bespreken van je doelstellingen. Dit kan vari\u00ebren van het&nbsp;verliezen van gewicht&nbsp;(lichaamsvet), het&nbsp;verbeteren van je conditie, het&nbsp;opbouwen van spiermassa&nbsp;tot het vergroten van je kracht en [&hellip;]<\/p>\n","protected":false},"author":1,"featured_media":0,"parent":0,"menu_order":0,"comment_status":"closed","ping_status":"closed","template":"","meta":{"footnotes":""},"class_list":["post-92","page","type-page","status-publish","hentry"],"_links":{"self":[{"href":"https:\/\/bbpersonaltraining.nl\/index.php?rest_route=\/wp\/v2\/pages\/92","targetHints":{"allow":["GET"]}}],"collection":[{"href":"https:\/\/bbpersonaltraining.nl\/index.php?rest_route=\/wp\/v2\/pages"}],"about":[{"href":"https:\/\/bbpersonaltraining.nl\/index.php?rest_route=\/wp\/v2\/types\/page"}],"author":[{"embeddable":true,"href":"https:\/\/bbpersonaltraining.nl\/index.php?rest_route=\/wp\/v2\/users\/1"}],"replies":[{"embeddable":true,"href":"https:\/\/bbpersonaltraining.nl\/index.php?rest_route=%2Fwp%2Fv2%2Fcomments&post=92"}],"version-history":[{"count":3,"href":"https:\/\/bbpersonaltraining.nl\/index.php?rest_route=\/wp\/v2\/pages\/92\/revisions"}],"predecessor-version":[{"id":168,"href":"https:\/\/bbpersonaltraining.nl\/index.php?rest_route=\/wp\/v2\/pages\/92\/revisions\/168"}],"wp:attachment":[{"href":"https:\/\/bbpersonaltraining.nl\/index.php?rest_route=%2Fwp%2Fv2%2Fmedia&parent=92"}],"curies":[{"name":"wp","href":"https:\/\/api.w.org\/{rel}","templated":true}]}}